{"id":226,"date":"2016-10-22T15:46:13","date_gmt":"2016-10-22T13:46:13","guid":{"rendered":"http:\/\/wordpress.gitedemontagne-forez.fr\/?page_id=226"},"modified":"2026-01-09T15:18:50","modified_gmt":"2026-01-09T14:18:50","slug":"le-gite","status":"publish","type":"page","link":"https:\/\/www.gitedemontagne-forez.fr\/index.php\/accueil\/descriptif\/le-gite\/","title":{"rendered":"Le g\u00eete"},"content":{"rendered":"<h2><strong><span style=\"color: #993366;\">G\u00eete pour 6 \u00e0 8 personnes<\/span><\/strong><\/h2>\n<p>C&rsquo;est une maison en pierre de 75 m\u00b2 en rez-de-chauss\u00e9e sur\u00e9lev\u00e9 , tr\u00e8s confortable. L&rsquo;ambiance int\u00e9rieure est chaude gr\u00e2ce au bois pr\u00e9sent dans toutes les pi\u00e8ces, bois issu du village&#8230;<\/p>\n<p style=\"text-align: center;\">\n<figure id=\"attachment_7\" aria-describedby=\"caption-attachment-7\" style=\"width: 648px\" class=\"wp-caption aligncenter\"><a href=\"http:\/\/wordpress.gitedemontagne-forez.fr\/wp-content\/uploads\/2016\/10\/gite-2.jpg\"><img loading=\"lazy\" class=\"size-large wp-image-7\" src=\"http:\/\/wordpress.gitedemontagne-forez.fr\/wp-content\/uploads\/2016\/10\/gite-2-1024x744.jpg\" alt=\"G\u00eete la Feni\u00e8re des hautes Chaumes situ\u00e9 dans le forez proche de Chalmazel\" width=\"648\" height=\"471\" srcset=\"https:\/\/www.gitedemontagne-forez.fr\/wp-content\/uploads\/2016\/10\/gite-2-1024x744.jpg 1024w, https:\/\/www.gitedemontagne-forez.fr\/wp-content\/uploads\/2016\/10\/gite-2-300x218.jpg 300w, https:\/\/www.gitedemontagne-forez.fr\/wp-content\/uploads\/2016\/10\/gite-2-768x558.jpg 768w, https:\/\/www.gitedemontagne-forez.fr\/wp-content\/uploads\/2016\/10\/gite-2-330x240.jpg 330w, https:\/\/www.gitedemontagne-forez.fr\/wp-content\/uploads\/2016\/10\/gite-2-648x471.jpg 648w, https:\/\/www.gitedemontagne-forez.fr\/wp-content\/uploads\/2016\/10\/gite-2.jpg 1230w, https:\/\/www.gitedemontagne-forez.fr\/wp-content\/uploads\/2016\/10\/gite-2-264x192.jpg 264w\" sizes=\"(max-width: 648px) 100vw, 648px\" \/><\/a><figcaption id=\"caption-attachment-7\" class=\"wp-caption-text\">G\u00eete la Feni\u00e8re des Hautes Chaumes en \u00e9t\u00e9<\/figcaption><\/figure>\n<figure id=\"attachment_504\" aria-describedby=\"caption-attachment-504\" style=\"width: 648px\" class=\"wp-caption aligncenter\"><a href=\"http:\/\/wordpress.gitedemontagne-forez.fr\/wp-content\/uploads\/2016\/10\/Gite-Hiver.jpg\"><img loading=\"lazy\" class=\"size-large wp-image-504\" src=\"http:\/\/wordpress.gitedemontagne-forez.fr\/wp-content\/uploads\/2016\/10\/Gite-Hiver-1024x768.jpg\" alt=\"G\u00eete la Feni\u00e8re des hautes Chaumes en hiver situ\u00e9 dans le forez proche de Chalmazel\" width=\"648\" height=\"486\" srcset=\"https:\/\/www.gitedemontagne-forez.fr\/wp-content\/uploads\/2016\/10\/Gite-Hiver-1024x768.jpg 1024w, https:\/\/www.gitedemontagne-forez.fr\/wp-content\/uploads\/2016\/10\/Gite-Hiver-100x75.jpg 100w, https:\/\/www.gitedemontagne-forez.fr\/wp-content\/uploads\/2016\/10\/Gite-Hiver-300x225.jpg 300w, https:\/\/www.gitedemontagne-forez.fr\/wp-content\/uploads\/2016\/10\/Gite-Hiver-768x576.jpg 768w, https:\/\/www.gitedemontagne-forez.fr\/wp-content\/uploads\/2016\/10\/Gite-Hiver-648x486.jpg 648w, https:\/\/www.gitedemontagne-forez.fr\/wp-content\/uploads\/2016\/10\/Gite-Hiver-256x192.jpg 256w, https:\/\/www.gitedemontagne-forez.fr\/wp-content\/uploads\/2016\/10\/Gite-Hiver.jpg 1066w\" sizes=\"(max-width: 648px) 100vw, 648px\" \/><\/a><figcaption id=\"caption-attachment-504\" class=\"wp-caption-text\">G\u00eete la Feni\u00e8re des\u00a0hautes Chaumes\u00a0en hiver<\/figcaption><\/figure>\n<p>une grande salle de s\u00e9jour, cuisine ouverte et salon, 3 chambres (pu\u00e9riculture sur demande) 1 lit 140, 1 lit 140 et 2 lits 120 , une salle de bain et un WC. Lave-linge, lave-vaisselle, micro-onde, t\u00e9l\u00e9vision, r\u00e9seau wifi .<\/p>\n<h3><strong><span style=\"color: #993366;\">Selon la saison<\/span><\/strong><\/h3>\n<p><span style=\"color: #993366;\"><strong style=\"font-size: 16px;\">L&rsquo;hiver :\u00a0 <\/strong><\/span>\u00a0le chauffage avec la chaudi\u00e8re \u00e0 bois d\u00e9chiquet\u00e9 permet une chaleur peu couteuse et vous avez\u00a0 une chemin\u00e9e avec foyer ferm\u00e9 (une caisse de bois est pleine sur le balcon couvert).<br \/>\nLe g\u00eete est entour\u00e9 de grands pr\u00e9s pour faire de la luge.<br \/>\n<span style=\"color: #993366;\"><strong>L&rsquo;\u00e9t\u00e9 :<\/strong><\/span> Vous profiterez du jardin fleuri et arbor\u00e9 de 300m\u00b2, des chaises longues, du barbecue, du petit bois en face du g\u00eete pour faire des cabanes avec les enfants, terrain de boules, balan\u00e7oire.<br \/>\nVoie sans issue devant le g\u00eete, ce qui limite la circulation<\/p>\n","protected":false},"excerpt":{"rendered":"<p>G\u00eete pour 6 \u00e0 8 personnes<br \/>\nC&rsquo;est une maison en pierre de 75 m\u00b2 en rez-de-chauss\u00e9e sur\u00e9lev\u00e9 , tr\u00e8s confortable. L&rsquo;ambiance [&#8230;]<\/p>\n","protected":false},"author":1,"featured_media":7,"parent":15,"menu_order":11,"comment_status":"closed","ping_status":"closed","template":"page-templates\/grid-page.php","meta":[],"_links":{"self":[{"href":"https:\/\/www.gitedemontagne-forez.fr\/index.php\/wp-json\/wp\/v2\/pages\/226"}],"collection":[{"href":"https:\/\/www.gitedemontagne-forez.fr\/index.php\/wp-json\/wp\/v2\/pages"}],"about":[{"href":"https:\/\/www.gitedemontagne-forez.fr\/index.php\/wp-json\/wp\/v2\/types\/page"}],"author":[{"embeddable":true,"href":"https:\/\/www.gitedemontagne-forez.fr\/index.php\/wp-json\/wp\/v2\/users\/1"}],"replies":[{"embeddable":true,"href":"https:\/\/www.gitedemontagne-forez.fr\/index.php\/wp-json\/wp\/v2\/comments?post=226"}],"version-history":[{"count":6,"href":"https:\/\/www.gitedemontagne-forez.fr\/index.php\/wp-json\/wp\/v2\/pages\/226\/revisions"}],"predecessor-version":[{"id":576,"href":"https:\/\/www.gitedemontagne-forez.fr\/index.php\/wp-json\/wp\/v2\/pages\/226\/revisions\/576"}],"up":[{"embeddable":true,"href":"https:\/\/www.gitedemontagne-forez.fr\/index.php\/wp-json\/wp\/v2\/pages\/15"}],"wp:featuredmedia":[{"embeddable":true,"href":"https:\/\/www.gitedemontagne-forez.fr\/index.php\/wp-json\/wp\/v2\/media\/7"}],"wp:attachment":[{"href":"https:\/\/www.gitedemontagne-forez.fr\/index.php\/wp-json\/wp\/v2\/media?parent=226"}],"curies":[{"name":"wp","href":"https:\/\/api.w.org\/{rel}","templated":true}]}}

Le gîte

<h2><strong><span style="color: #993366;">Gîte pour 6 à 8 personnes</span></strong></h2>
<p>C&rsquo;est une maison en pierre de 75 m² en rez-de-chaussée surélevé , très confortable. L&rsquo;ambiance intérieure est chaude grâce au bois présent dans toutes les pièces, bois issu du village&#8230;</p>
<p style="text-align: center;">
<figure id="attachment_7" aria-describedby="caption-attachment-7" style="width: 648px" class="wp-caption aligncenter"><a href="http://wordpress.gitedemontagne-forez.fr/wp-content/uploads/2016/10/gite-2.jpg"><img loading="lazy" class="size-large wp-image-7" src="http://wordpress.gitedemontagne-forez.fr/wp-content/uploads/2016/10/gite-2-1024x744.jpg" alt="Gîte la Fenière des hautes Chaumes situé dans le forez proche de Chalmazel" width="648" height="471" srcset="https://www.gitedemontagne-forez.fr/wp-content/uploads/2016/10/gite-2-1024x744.jpg 1024w, https://www.gitedemontagne-forez.fr/wp-content/uploads/2016/10/gite-2-300x218.jpg 300w, https://www.gitedemontagne-forez.fr/wp-content/uploads/2016/10/gite-2-768x558.jpg 768w, https://www.gitedemontagne-forez.fr/wp-content/uploads/2016/10/gite-2-330x240.jpg 330w, https://www.gitedemontagne-forez.fr/wp-content/uploads/2016/10/gite-2-648x471.jpg 648w, https://www.gitedemontagne-forez.fr/wp-content/uploads/2016/10/gite-2.jpg 1230w, https://www.gitedemontagne-forez.fr/wp-content/uploads/2016/10/gite-2-264x192.jpg 264w" sizes="(max-width: 648px) 100vw, 648px" /></a><figcaption id="caption-attachment-7" class="wp-caption-text">Gîte la Fenière des Hautes Chaumes en été</figcaption></figure>
<figure id="attachment_504" aria-describedby="caption-attachment-504" style="width: 648px" class="wp-caption aligncenter"><a href="http://wordpress.gitedemontagne-forez.fr/wp-content/uploads/2016/10/Gite-Hiver.jpg"><img loading="lazy" class="size-large wp-image-504" src="http://wordpress.gitedemontagne-forez.fr/wp-content/uploads/2016/10/Gite-Hiver-1024x768.jpg" alt="Gîte la Fenière des hautes Chaumes en hiver situé dans le forez proche de Chalmazel" width="648" height="486" srcset="https://www.gitedemontagne-forez.fr/wp-content/uploads/2016/10/Gite-Hiver-1024x768.jpg 1024w, https://www.gitedemontagne-forez.fr/wp-content/uploads/2016/10/Gite-Hiver-100x75.jpg 100w, https://www.gitedemontagne-forez.fr/wp-content/uploads/2016/10/Gite-Hiver-300x225.jpg 300w, https://www.gitedemontagne-forez.fr/wp-content/uploads/2016/10/Gite-Hiver-768x576.jpg 768w, https://www.gitedemontagne-forez.fr/wp-content/uploads/2016/10/Gite-Hiver-648x486.jpg 648w, https://www.gitedemontagne-forez.fr/wp-content/uploads/2016/10/Gite-Hiver-256x192.jpg 256w, https://www.gitedemontagne-forez.fr/wp-content/uploads/2016/10/Gite-Hiver.jpg 1066w" sizes="(max-width: 648px) 100vw, 648px" /></a><figcaption id="caption-attachment-504" class="wp-caption-text">Gîte la Fenière des hautes Chaumes en hiver</figcaption></figure>
<p>une grande salle de séjour, cuisine ouverte et salon, 3 chambres (puériculture sur demande) 1 lit 140, 1 lit 140 et 2 lits 120 , une salle de bain et un WC. Lave-linge, lave-vaisselle, micro-onde, télévision, réseau wifi .</p>
<h3><strong><span style="color: #993366;">Selon la saison</span></strong></h3>
<p><span style="color: #993366;"><strong style="font-size: 16px;">L&rsquo;hiver :  </strong></span> le chauffage avec la chaudière à bois déchiqueté permet une chaleur peu couteuse et vous avez  une cheminée avec foyer fermé (une caisse de bois est pleine sur le balcon couvert).<br />
Le gîte est entouré de grands prés pour faire de la luge.<br />
<span style="color: #993366;"><strong>L&rsquo;été :</strong></span> Vous profiterez du jardin fleuri et arboré de 300m², des chaises longues, du barbecue, du petit bois en face du gîte pour faire des cabanes avec les enfants, terrain de boules, balançoire.<br />
Voie sans issue devant le gîte, ce qui limite la circulation</p>

<p>Gîte pour 6 à 8 personnes<br />
C&rsquo;est une maison en pierre de 75 m² en rez-de-chaussée surélevé , très confortable. L&rsquo;ambiance [&#8230;]</p>
