{"id":255,"date":"2016-10-22T16:14:42","date_gmt":"2016-10-22T14:14:42","guid":{"rendered":"http:\/\/wordpress.gitedemontagne-forez.fr\/?page_id=255"},"modified":"2021-06-15T17:31:02","modified_gmt":"2021-06-15T15:31:02","slug":"exterieur","status":"publish","type":"page","link":"https:\/\/www.gitedemontagne-forez.fr\/index.php\/accueil\/descriptif\/exterieur\/","title":{"rendered":"L&rsquo;ext\u00e9rieur"},"content":{"rendered":"<h3><strong><span style=\"color: #993366;\">Ext\u00e9rieur\u00a0:<\/span><\/strong><\/h3>\n<p>Nous vous mettons \u00e0 disposition diff\u00e9rents espaces afin de vous d\u00e9tendre, de prendre votre repas en plein air ou de vous amuser<\/p>\n<p>&nbsp;<\/p>\n<p><strong><span style=\"color: #993366;\">Le balcon du g\u00eete<\/span><\/strong><\/p>\n<figure id=\"attachment_308\" aria-describedby=\"caption-attachment-308\" style=\"width: 458px\" class=\"wp-caption aligncenter\"><a href=\"http:\/\/wordpress.gitedemontagne-forez.fr\/wp-content\/uploads\/2016\/10\/Balcon.jpg\"><img loading=\"lazy\" class=\" wp-image-308\" src=\"http:\/\/wordpress.gitedemontagne-forez.fr\/wp-content\/uploads\/2016\/10\/Balcon.jpg\" alt=\"Balcon appartenant \u00e0 notre g\u00eete la Feni\u00e8re des Hautes chaumes situ\u00e9 dans le forez proche de Chalmazel\" width=\"458\" height=\"608\" srcset=\"https:\/\/www.gitedemontagne-forez.fr\/wp-content\/uploads\/2016\/10\/Balcon.jpg 606w, https:\/\/www.gitedemontagne-forez.fr\/wp-content\/uploads\/2016\/10\/Balcon-75x100.jpg 75w, https:\/\/www.gitedemontagne-forez.fr\/wp-content\/uploads\/2016\/10\/Balcon-226x300.jpg 226w, https:\/\/www.gitedemontagne-forez.fr\/wp-content\/uploads\/2016\/10\/Balcon-145x192.jpg 145w\" sizes=\"(max-width: 458px) 100vw, 458px\" \/><\/a><figcaption id=\"caption-attachment-308\" class=\"wp-caption-text\">Balcon<\/figcaption><\/figure>\n<p><strong><span style=\"color: #993366;\">Notre terrain de p\u00e9tanque<\/span><\/strong><\/p>\n<figure id=\"attachment_321\" aria-describedby=\"caption-attachment-321\" style=\"width: 648px\" class=\"wp-caption aligncenter\"><a href=\"http:\/\/wordpress.gitedemontagne-forez.fr\/wp-content\/uploads\/2016\/10\/Terrain-de-p\u00e9tanque_2-2.jpg\"><img loading=\"lazy\" class=\"size-large wp-image-321\" src=\"http:\/\/wordpress.gitedemontagne-forez.fr\/wp-content\/uploads\/2016\/10\/Terrain-de-p\u00e9tanque_2-2-1024x767.jpg\" alt=\"Terrain de p\u00e9tanque pour nos clients du g\u00eete la Feni\u00e8re des hautes de Chaumes\" width=\"648\" height=\"485\" srcset=\"https:\/\/www.gitedemontagne-forez.fr\/wp-content\/uploads\/2016\/10\/Terrain-de-p\u00e9tanque_2-2-1024x767.jpg 1024w, https:\/\/www.gitedemontagne-forez.fr\/wp-content\/uploads\/2016\/10\/Terrain-de-p\u00e9tanque_2-2-100x75.jpg 100w, https:\/\/www.gitedemontagne-forez.fr\/wp-content\/uploads\/2016\/10\/Terrain-de-p\u00e9tanque_2-2-300x225.jpg 300w, https:\/\/www.gitedemontagne-forez.fr\/wp-content\/uploads\/2016\/10\/Terrain-de-p\u00e9tanque_2-2-768x575.jpg 768w, https:\/\/www.gitedemontagne-forez.fr\/wp-content\/uploads\/2016\/10\/Terrain-de-p\u00e9tanque_2-2-648x485.jpg 648w, https:\/\/www.gitedemontagne-forez.fr\/wp-content\/uploads\/2016\/10\/Terrain-de-p\u00e9tanque_2-2-256x192.jpg 256w, https:\/\/www.gitedemontagne-forez.fr\/wp-content\/uploads\/2016\/10\/Terrain-de-p\u00e9tanque_2-2.jpg 1074w\" sizes=\"(max-width: 648px) 100vw, 648px\" \/><\/a><figcaption id=\"caption-attachment-321\" class=\"wp-caption-text\">Terrain de p\u00e9tanque<\/figcaption><\/figure>\n<p><strong><span style=\"color: #993366;\">Notre espace d\u00e9tente et repas en plein air<\/span><\/strong><\/p>\n<figure id=\"attachment_311\" aria-describedby=\"caption-attachment-311\" style=\"width: 368px\" class=\"wp-caption aligncenter\"><a href=\"http:\/\/wordpress.gitedemontagne-forez.fr\/wp-content\/uploads\/2016\/10\/D\u00e9tente_3.jpg\"><img loading=\"lazy\" class=\" wp-image-311\" src=\"http:\/\/wordpress.gitedemontagne-forez.fr\/wp-content\/uploads\/2016\/10\/D\u00e9tente_3.jpg\" alt=\"Espace detente appartenant \u00e0 notre g\u00eete la Feni\u00e8re des hautes Chaumes situ\u00e9 dans le forez proche de Chalmazel\" width=\"368\" height=\"561\" \/><\/a><figcaption id=\"caption-attachment-311\" class=\"wp-caption-text\">Espace d\u00e9tente<\/figcaption><\/figure>\n<p><strong><span style=\"color: #993366;\">En option<\/span><\/strong><\/p>\n<p style=\"padding-left: 30px;\"><em><span style=\"color: #993366;\">Location du SPA<\/span><\/em><\/p>\n<figure id=\"attachment_122\" aria-describedby=\"caption-attachment-122\" style=\"width: 648px\" class=\"wp-caption aligncenter\"><a href=\"http:\/\/wordpress.gitedemontagne-forez.fr\/wp-content\/uploads\/2016\/10\/Jacuzzi_2.jpg\"><img loading=\"lazy\" class=\"size-large wp-image-122\" src=\"http:\/\/wordpress.gitedemontagne-forez.fr\/wp-content\/uploads\/2016\/10\/Jacuzzi_2-1024x768.jpg\" alt=\"Spa appartenant \u00e0 notre g\u00eete la Feni\u00e8re des hautes Chaumes situ\u00e9 dans le forez proche de Chalmazel\" width=\"648\" height=\"486\" srcset=\"https:\/\/www.gitedemontagne-forez.fr\/wp-content\/uploads\/2016\/10\/Jacuzzi_2-1024x768.jpg 1024w, https:\/\/www.gitedemontagne-forez.fr\/wp-content\/uploads\/2016\/10\/Jacuzzi_2-100x75.jpg 100w, https:\/\/www.gitedemontagne-forez.fr\/wp-content\/uploads\/2016\/10\/Jacuzzi_2-300x225.jpg 300w, https:\/\/www.gitedemontagne-forez.fr\/wp-content\/uploads\/2016\/10\/Jacuzzi_2-768x576.jpg 768w, https:\/\/www.gitedemontagne-forez.fr\/wp-content\/uploads\/2016\/10\/Jacuzzi_2-648x486.jpg 648w, https:\/\/www.gitedemontagne-forez.fr\/wp-content\/uploads\/2016\/10\/Jacuzzi_2-256x192.jpg 256w, https:\/\/www.gitedemontagne-forez.fr\/wp-content\/uploads\/2016\/10\/Jacuzzi_2.jpg 1417w\" sizes=\"(max-width: 648px) 100vw, 648px\" \/><\/a><figcaption id=\"caption-attachment-122\" class=\"wp-caption-text\">Spa<\/figcaption><\/figure>\n<figure id=\"attachment_319\" aria-describedby=\"caption-attachment-319\" style=\"width: 730px\" class=\"wp-caption aligncenter\"><a href=\"http:\/\/wordpress.gitedemontagne-forez.fr\/wp-content\/uploads\/2016\/10\/Sauna_2.jpg\"><img loading=\"lazy\" class=\" wp-image-319\" src=\"http:\/\/wordpress.gitedemontagne-forez.fr\/wp-content\/uploads\/2016\/10\/Sauna_2.jpg\" alt=\"Spa appartenant \u00e0 notre g\u00eete la Feni\u00e8re des hautes Chaumes situ\u00e9 dans le forez proche de Chalmazel\" width=\"730\" height=\"607\" srcset=\"https:\/\/www.gitedemontagne-forez.fr\/wp-content\/uploads\/2016\/10\/Sauna_2.jpg 972w, https:\/\/www.gitedemontagne-forez.fr\/wp-content\/uploads\/2016\/10\/Sauna_2-100x83.jpg 100w, https:\/\/www.gitedemontagne-forez.fr\/wp-content\/uploads\/2016\/10\/Sauna_2-300x250.jpg 300w, https:\/\/www.gitedemontagne-forez.fr\/wp-content\/uploads\/2016\/10\/Sauna_2-768x639.jpg 768w, https:\/\/www.gitedemontagne-forez.fr\/wp-content\/uploads\/2016\/10\/Sauna_2-648x539.jpg 648w, https:\/\/www.gitedemontagne-forez.fr\/wp-content\/uploads\/2016\/10\/Sauna_2-231x192.jpg 231w\" sizes=\"(max-width: 730px) 100vw, 730px\" \/><\/a><figcaption id=\"caption-attachment-319\" class=\"wp-caption-text\">Spa<\/figcaption><\/figure>\n","protected":false},"excerpt":{"rendered":"<p>Ext\u00e9rieur\u00a0:<br \/>\nNous vous mettons \u00e0 disposition diff\u00e9rents espaces afin de vous d\u00e9tendre, de prendre votre repas en plein air ou [&#8230;]<\/p>\n","protected":false},"author":1,"featured_media":565,"parent":15,"menu_order":14,"comment_status":"closed","ping_status":"closed","template":"","meta":[],"_links":{"self":[{"href":"https:\/\/www.gitedemontagne-forez.fr\/index.php\/wp-json\/wp\/v2\/pages\/255"}],"collection":[{"href":"https:\/\/www.gitedemontagne-forez.fr\/index.php\/wp-json\/wp\/v2\/pages"}],"about":[{"href":"https:\/\/www.gitedemontagne-forez.fr\/index.php\/wp-json\/wp\/v2\/types\/page"}],"author":[{"embeddable":true,"href":"https:\/\/www.gitedemontagne-forez.fr\/index.php\/wp-json\/wp\/v2\/users\/1"}],"replies":[{"embeddable":true,"href":"https:\/\/www.gitedemontagne-forez.fr\/index.php\/wp-json\/wp\/v2\/comments?post=255"}],"version-history":[{"count":9,"href":"https:\/\/www.gitedemontagne-forez.fr\/index.php\/wp-json\/wp\/v2\/pages\/255\/revisions"}],"predecessor-version":[{"id":519,"href":"https:\/\/www.gitedemontagne-forez.fr\/index.php\/wp-json\/wp\/v2\/pages\/255\/revisions\/519"}],"up":[{"embeddable":true,"href":"https:\/\/www.gitedemontagne-forez.fr\/index.php\/wp-json\/wp\/v2\/pages\/15"}],"wp:featuredmedia":[{"embeddable":true,"href":"https:\/\/www.gitedemontagne-forez.fr\/index.php\/wp-json\/wp\/v2\/media\/565"}],"wp:attachment":[{"href":"https:\/\/www.gitedemontagne-forez.fr\/index.php\/wp-json\/wp\/v2\/media?parent=255"}],"curies":[{"name":"wp","href":"https:\/\/api.w.org\/{rel}","templated":true}]}}